{"id":717,"date":"2022-03-07T15:00:39","date_gmt":"2022-03-07T15:00:39","guid":{"rendered":"http:\/\/grupoempresarialantillano.com\/?post_type=product&#038;p=717"},"modified":"2022-03-07T15:03:05","modified_gmt":"2022-03-07T15:03:05","slug":"eslinga-de-carga-5000-kg","status":"publish","type":"product","link":"http:\/\/grupoempresarialantillano.com\/?product=eslinga-de-carga-5000-kg","title":{"rendered":"ESLINGA\u00a0DE\u00a0CARGA\u00a05000\u00a0KG"},"content":{"rendered":"<p>La eslinga o cinto de carga es una herramienta de elevaci\u00f3n. Es el elemento intermedio que permite enganchar una carga a un gancho de izado o de tracci\u00f3n. Consiste en una cinta con un ancho o largo espec\u00edfico (var\u00edan seg\u00fan su resistencia, los modelos y los fabricantes) cuyos extremos terminan en un lazo (ojo).<\/p>\n<p>Tiene una capacidad de carga de 5000 KG.<\/p>\n","protected":false},"excerpt":{"rendered":"<p>La eslinga o cinto de carga es una herramienta de elevaci\u00f3n. Es el elemento intermedio que permite enganchar una carga a un gancho de izado o de tracci\u00f3n. Consiste en una cinta con un ancho o largo espec\u00edfico (var\u00edan seg\u00fan su resistencia, los modelos y los fabricantes) cuyos extremos terminan en un lazo (ojo). Tiene [&hellip;]<\/p>\n","protected":false},"featured_media":718,"comment_status":"open","ping_status":"closed","template":"","meta":{"_joinchat":[]},"product_cat":[65],"product_tag":[66,67],"class_list":{"0":"post-717","1":"product","2":"type-product","3":"status-publish","4":"has-post-thumbnail","6":"product_cat-eslingas","7":"product_tag-eslinga","8":"product_tag-eslinga-de-carga","10":"first","11":"instock","12":"shipping-taxable","13":"product-type-simple"},"_links":{"self":[{"href":"http:\/\/grupoempresarialantillano.com\/index.php?rest_route=\/wp\/v2\/product\/717","targetHints":{"allow":["GET"]}}],"collection":[{"href":"http:\/\/grupoempresarialantillano.com\/index.php?rest_route=\/wp\/v2\/product"}],"about":[{"href":"http:\/\/grupoempresarialantillano.com\/index.php?rest_route=\/wp\/v2\/types\/product"}],"replies":[{"embeddable":true,"href":"http:\/\/grupoempresarialantillano.com\/index.php?rest_route=%2Fwp%2Fv2%2Fcomments&post=717"}],"version-history":[{"count":4,"href":"http:\/\/grupoempresarialantillano.com\/index.php?rest_route=\/wp\/v2\/product\/717\/revisions"}],"predecessor-version":[{"id":722,"href":"http:\/\/grupoempresarialantillano.com\/index.php?rest_route=\/wp\/v2\/product\/717\/revisions\/722"}],"wp:featuredmedia":[{"embeddable":true,"href":"http:\/\/grupoempresarialantillano.com\/index.php?rest_route=\/wp\/v2\/media\/718"}],"wp:attachment":[{"href":"http:\/\/grupoempresarialantillano.com\/index.php?rest_route=%2Fwp%2Fv2%2Fmedia&parent=717"}],"wp:term":[{"taxonomy":"product_cat","embeddable":true,"href":"http:\/\/grupoempresarialantillano.com\/index.php?rest_route=%2Fwp%2Fv2%2Fproduct_cat&post=717"},{"taxonomy":"product_tag","embeddable":true,"href":"http:\/\/grupoempresarialantillano.com\/index.php?rest_route=%2Fwp%2Fv2%2Fproduct_tag&post=717"}],"curies":[{"name":"wp","href":"https:\/\/api.w.org\/{rel}","templated":true}]}}