{"id":750,"date":"2022-03-14T20:15:45","date_gmt":"2022-03-14T20:15:45","guid":{"rendered":"http:\/\/grupoempresarialantillano.com\/?post_type=product&#038;p=750"},"modified":"2022-03-14T20:32:29","modified_gmt":"2022-03-14T20:32:29","slug":"cortina-para-trailer-de-45-pies","status":"publish","type":"product","link":"http:\/\/grupoempresarialantillano.com\/?product=cortina-para-trailer-de-45-pies","title":{"rendered":"CORTINA\u00a0PARA\u00a0TRAILER\u00a0DE\u00a045\u00a0PIES"},"content":{"rendered":"<h5>En grupo Empresarial Antillano nos especializamos en las impresiones para trailers con sistemas encortinados, estos cada vez son m\u00e1s utilizados en el mercado, se destaca por su econ\u00f3mico precio, como tambi\u00e9n porque ayuda con la publicidad de las empresas.<\/h5>\n","protected":false},"excerpt":{"rendered":"<p>En grupo Empresarial Antillano nos especializamos en las impresiones para trailers con sistemas encortinados, estos cada vez son m\u00e1s utilizados en el mercado, se destaca por su econ\u00f3mico precio, como tambi\u00e9n porque ayuda con la publicidad de las empresas.<\/p>\n","protected":false},"featured_media":751,"comment_status":"open","ping_status":"closed","template":"","meta":{"_joinchat":[]},"product_cat":[64],"product_tag":[71,72],"class_list":{"0":"post-750","1":"product","2":"type-product","3":"status-publish","4":"has-post-thumbnail","6":"product_cat-cortinas-para-trailers","7":"product_tag-cortina","8":"product_tag-encortinados","10":"first","11":"instock","12":"shipping-taxable","13":"product-type-simple"},"_links":{"self":[{"href":"http:\/\/grupoempresarialantillano.com\/index.php?rest_route=\/wp\/v2\/product\/750","targetHints":{"allow":["GET"]}}],"collection":[{"href":"http:\/\/grupoempresarialantillano.com\/index.php?rest_route=\/wp\/v2\/product"}],"about":[{"href":"http:\/\/grupoempresarialantillano.com\/index.php?rest_route=\/wp\/v2\/types\/product"}],"replies":[{"embeddable":true,"href":"http:\/\/grupoempresarialantillano.com\/index.php?rest_route=%2Fwp%2Fv2%2Fcomments&post=750"}],"version-history":[{"count":5,"href":"http:\/\/grupoempresarialantillano.com\/index.php?rest_route=\/wp\/v2\/product\/750\/revisions"}],"predecessor-version":[{"id":764,"href":"http:\/\/grupoempresarialantillano.com\/index.php?rest_route=\/wp\/v2\/product\/750\/revisions\/764"}],"wp:featuredmedia":[{"embeddable":true,"href":"http:\/\/grupoempresarialantillano.com\/index.php?rest_route=\/wp\/v2\/media\/751"}],"wp:attachment":[{"href":"http:\/\/grupoempresarialantillano.com\/index.php?rest_route=%2Fwp%2Fv2%2Fmedia&parent=750"}],"wp:term":[{"taxonomy":"product_cat","embeddable":true,"href":"http:\/\/grupoempresarialantillano.com\/index.php?rest_route=%2Fwp%2Fv2%2Fproduct_cat&post=750"},{"taxonomy":"product_tag","embeddable":true,"href":"http:\/\/grupoempresarialantillano.com\/index.php?rest_route=%2Fwp%2Fv2%2Fproduct_tag&post=750"}],"curies":[{"name":"wp","href":"https:\/\/api.w.org\/{rel}","templated":true}]}}